2 + 20*g + 5. Determine b(9).
23
Let y(g) = 3*g**3 + 7*g**2 + 5*g - 6. Calculate y(-2).
-12
Let u(q) = 2*q + 32. Give u(-17).
-2
Let p(o) = 8*o**2 + 1. Determine p(1).
9
Let k(c) = c**2 - 19*c - 4. Calculate k(19).
-4
Let g(p) = 2*p**2 - 9*p - 8. What is g(6)?
10
Let m(p) = p**2 + 7*p - 25. Calculate m(-9).
-7
Let d(p) = p**2 + 6*p - 24. What is d(-8)?
-8
Let w(i) = 4*i + 24. What is w(5)?
44
Let n(h) = h**2 + 19*h + 80. Determine n(-6).
2
Let v(d) = 6*d**2 - 2*d - 5. Determine v(-1).
3
Let x(l) = -l**2 - 34*l + 14. Calculate x(-35).
-21
Let y(d) = d**3 + 10*d**2 + 2. What is y(-10)?
2
Let h(v) = -2*v**3 + 15*v**2 - 7*v - 7. Determine h(7).
-7
Let m(g) = -g**3 - 3*g**2 + 12*g + 1. Calculate m(-5).
-9
Let p(u) = u**3 + 4*u**2 + 9*u + 29. Determine p(-4).
-7
Let r(x) = -x + 15. What is r(3)?
12
Let z(s) = 7*s - 39. Determine z(4).
-11
Let w(l) = 13*l - 107. Calculate w(8).
-3
Let o(t) = -t**3 + 3*t**2 + 1. Give o(3).
1
Let a(h) = h**3 - 11*h**2 + 9*h - 12. What is a(10)?
-22
Let i(d) = -d**3 + 4*d**2 - 2*d - 2. Give i(4).
-10
Let l(b) = b**2 - 2*b - 4. Calculate l(6).
20
Let a(x) = -8*x**2 - 3*x - 3. Calculate a(-1).
-8
Let z(d) = 39*d - 295. Calculate z(7).
-22
Let h(t) = -t**2 - 17*t - 19. What is h(-16)?
-3
Let d(y) = 13*y**2 + 5*y + 4. What is d(-1)?
12
Let c(k) = k**3 - 20*k**2 + 35*k + 18. Calculate c(18).
0
Let p(n) = n**3 - 7*n**2 - 8*n + 1. Calculate p(8).
1
Let z(d) = 9*d - 1. What is z(1)?
8
Let v(m) = 2*m**3 + 11*m**2 - 17*m - 18. What is v(-6)?
48
Let j(x) = -3*x - 24. What is j(-11)?
9
Let t(k) = k**3 - 9*k**2 + 16*k - 12. Determine t(7).
2
Let j(g) = -4*g + 40. What is j(12)?
-8
Let s(v) = 2*v - 39. Give s(-11).
-61
Let g(c) = -3*c - 8. Determine g(0).
-8
Let v(o) = 28*o + 92. What is v(-3)?
8
Let j(l) = -2*l**2 - 4*l - 7. Determine j(-2).
-7
Let k(x) = -x**2 - 15*x + 223. What is k(9)?
7
Let l(u) = 2*u + 4. Determine l(3).
10
Let l(f) = -f**3 + 3*f**2 + 2*f + 1. Determine l(6).
-95
Let f(y) = y**3 + 21*y**2 + 37*y - 27. Give f(-19).
-8
Let l(t) = 2*t**3 + t**2 + t + 3. Determine l(-2).
-11
Let l(g) = g**2 - 8*g + 5. Calculate l(11).
38
Let i(y) = 4*y**2 + 12*y - 21. Determine i(2).
19
Let b(o) = -8*o + 3. Calculate b(1).
-5
Let d(w) = -20*w + 209. What is d(11)?
-11
Let l(x) = -x**2 + 12*x + 17. Calculate l(13).
4
Let q(d) = -d + 15. What is q(17)?
-2
Let a(u) = 2*u + 66. Determine a(-30).
6
Let l(h) = -7*h**2 - 5*h - 7. What is l(-2)?
-25
Let l(h) = -h**2 + 8*h + 4. What is l(6)?
16
Let m(r) = -r**2 + 2*r + 5. What is m(4)?
-3
Let b(q) = -q**3 + 23*q**2 - 41*q - 24. What is b(21)?
-3
Let b(g) = -g**2 + 9*g + 88. Give b(-6).
-2
Let y(b) = -2*b**3 - 51*b**2 + 29*b + 73. What is y(-26)?
-5
Let a(b) = -2*b**3 + 37*b**2 + 20*b - 4. Give a(19).
15
Let f(i) = i**2 + 38*i + 52. Give f(-37).
15
Let n(j) = -7*j**3 - 4*j**2 - j + 2. Calculate n(-3).
158
Let a(t) = 11*t**2 + 1. Determine a(-1).
12
Let j(k) = -k - 4. What is j(-6)?
2
Let i(f) = -f - 30. Give i(0).
-30
Let f(h) = 2*h + 7. Give f(-3).
1
Let t(w) = -w**3 + 7*w**2 - w + 2. Calculate t(5).
47
Let s(z) = -2*z**2 - 27*z + 97. Calculate s(-16).
17
Let t(n) = -13*n - 681. Give t(-52).
-5
Let j(n) = -n**2 + 4*n - 2. Give j(6).
-14
Let g(s) = s + 18. Give g(-22).
-4
Let i(z) = z**2 - 5*z - 8. Give i(6).
-2
Let x(v) = -3*v + 15. What is x(-1)?
18
Let d(x) = -14*x**2. What is d(1)?
-14
Let y(n) = -7*n + 6. What is y(-1)?
13
Let f(x) = -x**3 - 23*x**2 + 49*x - 64. What is f(-25)?
-39
Let y(w) = 3*w + 5. Calculate y(-7).
-16
Let v(x) = 2*x**3 - 2*x**2 + 2*x. Give v(2).
12
Let y(h) = 2*h - 41. What is y(23)?
5
Let j(o) = 2*o**3 + 3*o**2 - 3*o + 3. Calculate j(-2).
5
Let b(o) = o**2 + 13*o + 25. Calculate b(-9).
-11
Let y(c) = -c**3 - 9*c**2 - 7*c + 7. Determine y(-8).
-1
Let j(t) = -2*t**2 - 77*t + 207. Calculate j(-41).
2
Let t(g) = g**3 + 9*g**2 - 3*g - 27. What is t(-9)?
0
Let s(d) = 3*d**2 + 14*d + 1. Determine s(-4).
-7
Let q(g) = -6*g - 36. Determine q(-5).
-6
Let v(k) = -3*k + 64. What is v(13)?
25
Let t(o) = o**3 - 21*o**2 + 26*o - 45. What is t(20)?
75
Let t(b) = 18*b + 4. Determine t(-1).
-14
Let u(z) = -z**2 - 3*z + 5. Calculate u(2).
-5
Let j(z) = 47*z + 140. Calculate j(-3).
-1
Let d(n) = -2*n**2 + 2*n + 1. Calculate d(-1).
-3
Let x(w) = w**2 + 25*w + 35. Calculate x(-10).
-115
Let m(s) = s**3 - 7*s**2 + 3*s - 6. What is m(7)?
15
Let h(q) = q**2 - 13*q + 17. Calculate h(4).
-19
Let n(y) = 2*y**2 - 6*y - 14. What is n(7)?
42
Let v(r) = -3*r**2 + 2*r + 34. What is v(-3)?
1
Let d(a) = 2*a**3 + 3*a**2 - a + 4. Determine d(-3).
-20
Let p(w) = -w**3 + 5*w**2 + 6*w - 11. Determine p(5).
19
Let z(d) = -2*d**2 + 22*d + 12. Determine z(12).
-12
Let b(t) = -t**3 + 3*t**2 + 2*t + 11. Calculate b(0).
11
Let l(r) = -8*r**2 + 136*r - 2. What is l(17)?
-2
Let j(a) = 17*a. Give j(1).
17
Let w(a) = 14*a**3 - a**2 - a - 2. Give w(2).
104
Let x(z) = z**2 + 5*z + 4. Give x(-7).
18
Let o(y) = -3*y**3 + 4*y**2 + 2*y - 5. What is o(1)?
-2
Let v(x) = x**2 + 42*x - 43. Determine v(1).
0
Let u(r) = -8*r**2 + 2*r. Give u(1).
-6
Let w(t) = 6*t**2 + 34*t - 9. What is w(-6)?
3
Let b(a) = a**3 - 12*a**2 - 44*a - 12. Determine b(15).
3
Let o(t) = 2*t**2 + 1. Give o(-2).
9
Let l(p) = -26*p - 5. Calculate l(3).
-83
Let h(r) = -r**2 - 6*r + 24. Determine h(-7).
17
Let a(b) = 2*b**3 - 108*b**2 - 107*b - 169. Give a(55).
-4
Let f(a) = a**3 + 6*a**2 + 6*a + 7. Calculate f(-5).
2
Let i(v) = 3*v**2 + 24*v + 3. Calculate i(-8).
3
Let m(j) = -2*j - 14. Calculate m(-12).
10
Let v(j) = 31*j**3 - j**2 + j - 1. Determine v(1).
30
Let a(w) = w**3 - 3*w**2 - 5*w + 7. What is a(5)?
32
Let g(t) = 110*t - 446. Give g(4).
-6
Let i(v) = 2*v**3 + v**2 + v - 1. Give i(-2).
-15
Let o(t) = t**3 - 4*t**2 + 16. Give o(5).
41
Let q(b) = -4*b + 6. What is q(-1)?
10
Let h(f) = -2*f - 5. Calculate h(-5).
5
Let m(f) = 2*f**3 + 6*f**2 - 7*f - 6. Calculate m(-4).
-10
Let v(i) = i - 2. Calculate v(0).
-2
Let t(h) = h**3 + 4*h**2 - 7*h + 4. Determine t(-5).
14
Let t(u) = u**3 + 7*u**2 + 2*u + 9. Calculate t(-7).
-5
Let j(c) = -14*c - 761. Give j(-54).
-5
Let n(x) = x**2 + 16*x - 42. Give n(-18).
-6
Let d(a) = -6*a - 2. Determine d(2).
-14
Let g(v) = -2*v - 23. Give g(-7).
-9
Let q(v) = v**3 - 11*v**2 + v - 9. Determine q(11).
2
Let d(k) = -81*k + 2. What is d(2)?
-160
Let b(q) = q**3 - 14*q**2 - 13*q + 14. Give b(15).
44
Let d(k) = -k + 8. Calculate d(-7).
15
Let x(u) = u**2 + 4*u - 5. Give x(0).
-5
Let i(p) = -p**3 + 7*p**2 + p - 10. Give i(7).
-3
Let x(y) = 4*y + 13. What is x(-6)?
-11
Let t(r) = r**3 - 5*r**2 - 8*r + 8. Give t(6).
-4
Let k(v) = v**2 - 14*v - 7. Determine k(9).
-52
Let i(u) = u**3 - u**2 + 2*u - 63. Determine i(0).
-63
Let f(a) = -12*a + 76. Give f(6).
4
Let t(r) = 3*r**3 - 4*r**2 + 2*r + 14. What is t(-2)?
-30
Let k(d) = d**3 - 5*d**2 + 7*d + 8. Determine k(4).
20
Let n(q) = -8*q - 3. Give n(-7).
53
Let s(b) = 22*b + 17. Give s(0).
17
Let t(u) = u**3 + 7*u**2 - 8*u + 10. Give t(-8).
10
Let f(l) = -4*l + 2. Calculate f(2).
-6
Let v(k) = k**3 + 13*k**2 + 12*k + 16. Give v(-12).
16
Let t(l) = l - 12. Determine t(7).
-5
Let h(i) = -3*i + 11. Give h(-8).
35
Let r(m) = -m**3 + 14*m**2 - 26*m + 17. Calculate r(12).
-7
Let f(o) = 2*o + 1. Determine f(6).
13
Let j(r) = r**2 + 2*r + 5. Determine j(-4).
13
Let y(c) = -28*c - 6. Calculate y(2).
-62
Let h(t) = -t**2 + 18*t - 10. Determine h(16).
22
Let b(j) = -j**3 - 8*j**2 + 15*j + 55. Determine b(-9).
1
Let l(p) = -4*p**2 - 60*p - 26. Determine l(-13).
78
Let v(a) = 35*a - 4. Determine v(1).
31
Let b(w) = w + 71. Give b(-16).
55
Let p(f) = f**2 - 21*f + 32. Determine p(16).
-48
Let a(n) = -6*n + 4. Calculate a(-4).
28
Let l(d) = -d**3 + 10*d**2 - 5*d - 12. Determine l(9).
24
Let h(f) = -f**3 - 7*f**2 + 28*f + 3. Determine h(-10).
23
Let h(s) = -2*s**3 - 26*s**2 - s - 10. What is h(-13)?
3
Let h(i) = i + 28. Calculate h(-26).
2
Let g(j) = j**2 + 6*j. Give g(-2).
-8
Let c(h) = h**3 + 2*h**2 - 28*h - 8. Determine c(-6).
16
Let j(i) = -i**2 - 4*i + 7. Calculate j(-8).
-25
Let r(n) = -n**2 - 9*n + 26. Determine r(-12).
-10
Let l(b) = -2*b**2 - 5*b + 83. Determine l(-8).
-5
Let w(l) = 2*l**2 + 32*l + 125. Give w(-7).
-1
Let n(g) = -g**3 - 5*g**2 + 8*g + 4. Give n(-7).
46
Let l(f) = 3*f - 3. What is l(-2)?
-9
Let h(z) = -5*z + 79. Calculate h(21).
-26
Let i(b) = b**3 + 9*b**2 + b - 14. Wh